{"id":39,"date":"2019-09-12T18:07:17","date_gmt":"2019-09-12T16:07:17","guid":{"rendered":"http:\/\/xle.be\/?page_id=39"},"modified":"2021-12-27T09:12:10","modified_gmt":"2021-12-27T08:12:10","slug":"notre-equipe","status":"publish","type":"page","link":"https:\/\/xle.be\/index.php\/notre-equipe\/","title":{"rendered":"Notre \u00e9quipe"},"content":{"rendered":"\n<div class=\"wp-block-media-text alignwide\" style=\"grid-template-columns:27% auto\"><figure class=\"wp-block-media-text__media\"><img loading=\"lazy\" decoding=\"async\" width=\"200\" height=\"200\" src=\"http:\/\/xle.be\/wp-content\/uploads\/2021\/10\/XavierLaurentEquipe2.png\" alt=\"\" class=\"wp-image-207\" srcset=\"https:\/\/xle.be\/wp-content\/uploads\/2021\/10\/XavierLaurentEquipe2.png 200w, https:\/\/xle.be\/wp-content\/uploads\/2021\/10\/XavierLaurentEquipe2-150x150.png 150w\" sizes=\"auto, (max-width: 200px) 100vw, 200px\" \/><\/figure><div class=\"wp-block-media-text__content\">\n<h2 class=\"wp-block-heading\">Xavier Laurent<\/h2>\n\n\n\n<p>Gradu\u00e9 en comptabilit\u00e9 et fiscalit\u00e9, Xavier Laurent est g\u00e9rant de XL Expertise &amp; Associ\u00e9s.<br>En possession d\u2019un post-graduat en fiscalit\u00e9, d\u2019un Master en Sciences de gestion (UCL Mons) et d\u2019une Ma\u00eetrise en gestion fiscale (Solvay \u2013 ULB), il dispose d\u2019une exp\u00e9rience de plus de 15 ans en comptabilit\u00e9 et est Expert-Comptable Certifi\u00e9 depuis 2016 (ITAA).<\/p>\n<\/div><\/div>\n\n\n\n<hr class=\"wp-block-separator\"\/>\n\n\n\n<div class=\"wp-block-media-text alignwide\" style=\"grid-template-columns:27% auto\"><figure class=\"wp-block-media-text__media\"><img loading=\"lazy\" decoding=\"async\" width=\"200\" height=\"200\" src=\"http:\/\/xle.be\/wp-content\/uploads\/2020\/01\/JeromeThullierEquipe.png\" alt=\"J\u00e9r\u00f4me Thuillier\" class=\"wp-image-158\" srcset=\"https:\/\/xle.be\/wp-content\/uploads\/2020\/01\/JeromeThullierEquipe.png 200w, https:\/\/xle.be\/wp-content\/uploads\/2020\/01\/JeromeThullierEquipe-150x150.png 150w\" sizes=\"auto, (max-width: 200px) 100vw, 200px\" \/><\/figure><div class=\"wp-block-media-text__content\">\n<h2 class=\"wp-block-heading\">J\u00e9r\u00f4me Thuillier<\/h2>\n\n\n\n<p>Titulaire d\u2019un Master en Sciences de gestion (UCL Mons) et comptable fiscaliste agr\u00e9e (IPCF), J\u00e9r\u00f4me Thuillier travaille dans la comptabilit\u00e9\/fiscalit\u00e9 depuis 2005.<\/p>\n<\/div><\/div>\n\n\n\n<hr class=\"wp-block-separator\"\/>\n\n\n\n<div class=\"wp-block-media-text alignwide\" style=\"grid-template-columns:28% auto\"><figure class=\"wp-block-media-text__media\"><img loading=\"lazy\" decoding=\"async\" width=\"200\" height=\"200\" src=\"http:\/\/xle.be\/wp-content\/uploads\/2020\/01\/GaspardEquipe.png\" alt=\"William Gaspard\" class=\"wp-image-157\" srcset=\"https:\/\/xle.be\/wp-content\/uploads\/2020\/01\/GaspardEquipe.png 200w, https:\/\/xle.be\/wp-content\/uploads\/2020\/01\/GaspardEquipe-150x150.png 150w\" sizes=\"auto, (max-width: 200px) 100vw, 200px\" \/><\/figure><div class=\"wp-block-media-text__content\">\n<h2 class=\"wp-block-heading\">William Gaspard<\/h2>\n\n\n\n<p>William Gaspard est gradu\u00e9 en comptabilit\u00e9 et  fiscalit\u00e9.<\/p>\n\n\n\n<p>Suivi d\u2019un post graduat en fiscalit\u00e9 \u00e0 la chambre belge des comptables, expert-comptable et conseils fiscaux.<\/p>\n\n\n\n<p>Stagiaire \u00e0 l\u2019ITAA.<\/p>\n<\/div><\/div>\n\n\n\n<hr class=\"wp-block-separator\"\/>\n\n\n\n<div class=\"wp-block-media-text alignwide\" style=\"grid-template-columns:27% auto\"><figure class=\"wp-block-media-text__media\"><img loading=\"lazy\" decoding=\"async\" width=\"200\" height=\"200\" src=\"http:\/\/xle.be\/wp-content\/uploads\/2020\/01\/SophieLaurentEquipe.png\" alt=\"Sophie Laurent\" class=\"wp-image-159\" srcset=\"https:\/\/xle.be\/wp-content\/uploads\/2020\/01\/SophieLaurentEquipe.png 200w, https:\/\/xle.be\/wp-content\/uploads\/2020\/01\/SophieLaurentEquipe-150x150.png 150w\" sizes=\"auto, (max-width: 200px) 100vw, 200px\" \/><\/figure><div class=\"wp-block-media-text__content\">\n<h2 class=\"wp-block-heading\">Sophie Laurent<\/h2>\n\n\n\n<p>Sophie Laurent est gradu\u00e9e en comptabilit\u00e9.<\/p>\n\n\n\n<p>Elle est secr\u00e9taire-comptable et garantit \u00e0 nos clients un bon suivi administratif.<\/p>\n<\/div><\/div>\n","protected":false},"excerpt":{"rendered":"<p>Xavier Laurent Gradu\u00e9 en comptabilit\u00e9 et fiscalit\u00e9, Xavier Laurent est g\u00e9rant de XL Expertise &amp; Associ\u00e9s.En possession d\u2019un post-graduat en fiscalit\u00e9, d\u2019un Master en Sciences&hellip;<\/p>\n","protected":false},"author":2,"featured_media":143,"parent":0,"menu_order":0,"comment_status":"closed","ping_status":"closed","template":"","meta":{"_monsterinsights_skip_tracking":false,"_monsterinsights_sitenote_active":false,"_monsterinsights_sitenote_note":"","_monsterinsights_sitenote_category":0,"footnotes":""},"class_list":["post-39","page","type-page","status-publish","has-post-thumbnail","hentry"],"yoast_head":"<!-- This site is optimized with the Yoast SEO plugin v26.6 - https:\/\/yoast.com\/wordpress\/plugins\/seo\/ -->\n<title>Notre \u00e9quipe - XL Expertise et Associ\u00e9s<\/title>\n<meta name=\"description\" content=\"Une \u00e9quipe d&#039;expert-comptables \u00e0 votre service\" \/>\n<meta name=\"robots\" content=\"index, follow, max-snippet:-1, max-image-preview:large, max-video-preview:-1\" \/>\n<link rel=\"canonical\" href=\"http:\/\/xle.be\/index.php\/notre-equipe\/\" \/>\n<meta property=\"og:locale\" content=\"en_US\" \/>\n<meta property=\"og:type\" content=\"article\" \/>\n<meta property=\"og:title\" content=\"Notre \u00e9quipe - XL Expertise et Associ\u00e9s\" \/>\n<meta property=\"og:description\" content=\"Une \u00e9quipe d&#039;expert-comptables \u00e0 votre service\" \/>\n<meta property=\"og:url\" content=\"http:\/\/xle.be\/index.php\/notre-equipe\/\" \/>\n<meta property=\"og:site_name\" content=\"XL Expertise et Associ\u00e9s\" \/>\n<meta property=\"article:modified_time\" content=\"2021-12-27T08:12:10+00:00\" \/>\n<meta property=\"og:image\" content=\"http:\/\/xle.be\/wp-content\/uploads\/2019\/11\/nik-macmillan-YXemfQiPR_E-unsplash.jpg\" \/>\n\t<meta property=\"og:image:width\" content=\"5760\" \/>\n\t<meta property=\"og:image:height\" content=\"3840\" \/>\n\t<meta property=\"og:image:type\" content=\"image\/jpeg\" \/>\n<meta name=\"twitter:card\" content=\"summary_large_image\" \/>\n<meta name=\"twitter:label1\" content=\"Est. reading time\" \/>\n\t<meta name=\"twitter:data1\" content=\"1 minute\" \/>\n<script type=\"application\/ld+json\" class=\"yoast-schema-graph\">{\"@context\":\"https:\/\/schema.org\",\"@graph\":[{\"@type\":\"WebPage\",\"@id\":\"http:\/\/xle.be\/index.php\/notre-equipe\/\",\"url\":\"http:\/\/xle.be\/index.php\/notre-equipe\/\",\"name\":\"Notre \u00e9quipe - XL Expertise et Associ\u00e9s\",\"isPartOf\":{\"@id\":\"https:\/\/xle.be\/#website\"},\"primaryImageOfPage\":{\"@id\":\"http:\/\/xle.be\/index.php\/notre-equipe\/#primaryimage\"},\"image\":{\"@id\":\"http:\/\/xle.be\/index.php\/notre-equipe\/#primaryimage\"},\"thumbnailUrl\":\"https:\/\/xle.be\/wp-content\/uploads\/2019\/11\/nik-macmillan-YXemfQiPR_E-unsplash.jpg\",\"datePublished\":\"2019-09-12T16:07:17+00:00\",\"dateModified\":\"2021-12-27T08:12:10+00:00\",\"description\":\"Une \u00e9quipe d'expert-comptables \u00e0 votre service\",\"breadcrumb\":{\"@id\":\"http:\/\/xle.be\/index.php\/notre-equipe\/#breadcrumb\"},\"inLanguage\":\"en-US\",\"potentialAction\":[{\"@type\":\"ReadAction\",\"target\":[\"http:\/\/xle.be\/index.php\/notre-equipe\/\"]}]},{\"@type\":\"ImageObject\",\"inLanguage\":\"en-US\",\"@id\":\"http:\/\/xle.be\/index.php\/notre-equipe\/#primaryimage\",\"url\":\"https:\/\/xle.be\/wp-content\/uploads\/2019\/11\/nik-macmillan-YXemfQiPR_E-unsplash.jpg\",\"contentUrl\":\"https:\/\/xle.be\/wp-content\/uploads\/2019\/11\/nik-macmillan-YXemfQiPR_E-unsplash.jpg\",\"width\":5760,\"height\":3840},{\"@type\":\"BreadcrumbList\",\"@id\":\"http:\/\/xle.be\/index.php\/notre-equipe\/#breadcrumb\",\"itemListElement\":[{\"@type\":\"ListItem\",\"position\":1,\"name\":\"Accueil\",\"item\":\"https:\/\/xle.be\/\"},{\"@type\":\"ListItem\",\"position\":2,\"name\":\"Notre \u00e9quipe\"}]},{\"@type\":\"WebSite\",\"@id\":\"https:\/\/xle.be\/#website\",\"url\":\"https:\/\/xle.be\/\",\"name\":\"XL Expertise et Associ\u00e9s\",\"description\":\"Expert comptable \u00e0 Nivelles\",\"publisher\":{\"@id\":\"https:\/\/xle.be\/#organization\"},\"potentialAction\":[{\"@type\":\"SearchAction\",\"target\":{\"@type\":\"EntryPoint\",\"urlTemplate\":\"https:\/\/xle.be\/?s={search_term_string}\"},\"query-input\":{\"@type\":\"PropertyValueSpecification\",\"valueRequired\":true,\"valueName\":\"search_term_string\"}}],\"inLanguage\":\"en-US\"},{\"@type\":\"Organization\",\"@id\":\"https:\/\/xle.be\/#organization\",\"name\":\"XL Expertise et Associ\u00e9s\",\"url\":\"https:\/\/xle.be\/\",\"logo\":{\"@type\":\"ImageObject\",\"inLanguage\":\"en-US\",\"@id\":\"https:\/\/xle.be\/#\/schema\/logo\/image\/\",\"url\":\"https:\/\/xle.be\/wp-content\/uploads\/2019\/04\/cropped-XL_2017Logo_OK-1.png\",\"contentUrl\":\"https:\/\/xle.be\/wp-content\/uploads\/2019\/04\/cropped-XL_2017Logo_OK-1.png\",\"width\":381,\"height\":162,\"caption\":\"XL Expertise et Associ\u00e9s\"},\"image\":{\"@id\":\"https:\/\/xle.be\/#\/schema\/logo\/image\/\"}}]}<\/script>\n<!-- \/ Yoast SEO plugin. -->","yoast_head_json":{"title":"Notre \u00e9quipe - XL Expertise et Associ\u00e9s","description":"Une \u00e9quipe d'expert-comptables \u00e0 votre service","robots":{"index":"index","follow":"follow","max-snippet":"max-snippet:-1","max-image-preview":"max-image-preview:large","max-video-preview":"max-video-preview:-1"},"canonical":"http:\/\/xle.be\/index.php\/notre-equipe\/","og_locale":"en_US","og_type":"article","og_title":"Notre \u00e9quipe - XL Expertise et Associ\u00e9s","og_description":"Une \u00e9quipe d'expert-comptables \u00e0 votre service","og_url":"http:\/\/xle.be\/index.php\/notre-equipe\/","og_site_name":"XL Expertise et Associ\u00e9s","article_modified_time":"2021-12-27T08:12:10+00:00","og_image":[{"width":5760,"height":3840,"url":"http:\/\/xle.be\/wp-content\/uploads\/2019\/11\/nik-macmillan-YXemfQiPR_E-unsplash.jpg","type":"image\/jpeg"}],"twitter_card":"summary_large_image","twitter_misc":{"Est. reading time":"1 minute"},"schema":{"@context":"https:\/\/schema.org","@graph":[{"@type":"WebPage","@id":"http:\/\/xle.be\/index.php\/notre-equipe\/","url":"http:\/\/xle.be\/index.php\/notre-equipe\/","name":"Notre \u00e9quipe - XL Expertise et Associ\u00e9s","isPartOf":{"@id":"https:\/\/xle.be\/#website"},"primaryImageOfPage":{"@id":"http:\/\/xle.be\/index.php\/notre-equipe\/#primaryimage"},"image":{"@id":"http:\/\/xle.be\/index.php\/notre-equipe\/#primaryimage"},"thumbnailUrl":"https:\/\/xle.be\/wp-content\/uploads\/2019\/11\/nik-macmillan-YXemfQiPR_E-unsplash.jpg","datePublished":"2019-09-12T16:07:17+00:00","dateModified":"2021-12-27T08:12:10+00:00","description":"Une \u00e9quipe d'expert-comptables \u00e0 votre service","breadcrumb":{"@id":"http:\/\/xle.be\/index.php\/notre-equipe\/#breadcrumb"},"inLanguage":"en-US","potentialAction":[{"@type":"ReadAction","target":["http:\/\/xle.be\/index.php\/notre-equipe\/"]}]},{"@type":"ImageObject","inLanguage":"en-US","@id":"http:\/\/xle.be\/index.php\/notre-equipe\/#primaryimage","url":"https:\/\/xle.be\/wp-content\/uploads\/2019\/11\/nik-macmillan-YXemfQiPR_E-unsplash.jpg","contentUrl":"https:\/\/xle.be\/wp-content\/uploads\/2019\/11\/nik-macmillan-YXemfQiPR_E-unsplash.jpg","width":5760,"height":3840},{"@type":"BreadcrumbList","@id":"http:\/\/xle.be\/index.php\/notre-equipe\/#breadcrumb","itemListElement":[{"@type":"ListItem","position":1,"name":"Accueil","item":"https:\/\/xle.be\/"},{"@type":"ListItem","position":2,"name":"Notre \u00e9quipe"}]},{"@type":"WebSite","@id":"https:\/\/xle.be\/#website","url":"https:\/\/xle.be\/","name":"XL Expertise et Associ\u00e9s","description":"Expert comptable \u00e0 Nivelles","publisher":{"@id":"https:\/\/xle.be\/#organization"},"potentialAction":[{"@type":"SearchAction","target":{"@type":"EntryPoint","urlTemplate":"https:\/\/xle.be\/?s={search_term_string}"},"query-input":{"@type":"PropertyValueSpecification","valueRequired":true,"valueName":"search_term_string"}}],"inLanguage":"en-US"},{"@type":"Organization","@id":"https:\/\/xle.be\/#organization","name":"XL Expertise et Associ\u00e9s","url":"https:\/\/xle.be\/","logo":{"@type":"ImageObject","inLanguage":"en-US","@id":"https:\/\/xle.be\/#\/schema\/logo\/image\/","url":"https:\/\/xle.be\/wp-content\/uploads\/2019\/04\/cropped-XL_2017Logo_OK-1.png","contentUrl":"https:\/\/xle.be\/wp-content\/uploads\/2019\/04\/cropped-XL_2017Logo_OK-1.png","width":381,"height":162,"caption":"XL Expertise et Associ\u00e9s"},"image":{"@id":"https:\/\/xle.be\/#\/schema\/logo\/image\/"}}]}},"_links":{"self":[{"href":"https:\/\/xle.be\/index.php\/wp-json\/wp\/v2\/pages\/39","targetHints":{"allow":["GET"]}}],"collection":[{"href":"https:\/\/xle.be\/index.php\/wp-json\/wp\/v2\/pages"}],"about":[{"href":"https:\/\/xle.be\/index.php\/wp-json\/wp\/v2\/types\/page"}],"author":[{"embeddable":true,"href":"https:\/\/xle.be\/index.php\/wp-json\/wp\/v2\/users\/2"}],"replies":[{"embeddable":true,"href":"https:\/\/xle.be\/index.php\/wp-json\/wp\/v2\/comments?post=39"}],"version-history":[{"count":12,"href":"https:\/\/xle.be\/index.php\/wp-json\/wp\/v2\/pages\/39\/revisions"}],"predecessor-version":[{"id":208,"href":"https:\/\/xle.be\/index.php\/wp-json\/wp\/v2\/pages\/39\/revisions\/208"}],"wp:featuredmedia":[{"embeddable":true,"href":"https:\/\/xle.be\/index.php\/wp-json\/wp\/v2\/media\/143"}],"wp:attachment":[{"href":"https:\/\/xle.be\/index.php\/wp-json\/wp\/v2\/media?parent=39"}],"curies":[{"name":"wp","href":"https:\/\/api.w.org\/{rel}","templated":true}]}}